remainder when 1038010 is divided by 259494?
34
Calculate the remainder when 792641 is divided by 85.
16
What is the remainder when 1742426 is divided by 435534?
290
Calculate the remainder when 1147732 is divided by 74.
66
What is the remainder when 11513181 is divided by 548245?
36
Calculate the remainder when 41322761 is divided by 853.
29
Calculate the remainder when 2311063 is divided by 281.
119
What is the remainder when 4135920 is divided by 14771?
40
What is the remainder when 119633224 is divided by 29908303?
12
What is the remainder when 445356 is divided by 111274?
260
What is the remainder when 97093 is divided by 380?
193
Calculate the remainder when 22295739 is divided by 874.
873
Calculate the remainder when 1798760 is divided by 10871.
5045
What is the remainder when 38118 is divided by 964?
522
What is the remainder when 1831616 is divided by 63159?
5
Calculate the remainder when 734 is divided by 694.
40
Calculate the remainder when 537339 is divided by 9658.
6149
What is the remainder when 5469 is divided by 1758?
195
Calculate the remainder when 65889 is divided by 64768.
1121
Calculate the remainder when 1145446 is divided by 40.
6
Calculate the remainder when 10921005 is divided by 321206.
1
Calculate the remainder when 16325436 is divided by 3577.
8
What is the remainder when 663484 is divided by 1564?
348
Calculate the remainder when 16657167 is divided by 2330.
2327
What is the remainder when 335118 is divided by 3165?
2793
What is the remainder when 23582202 is divided by 42036?
6
What is the remainder when 17039458 is divided by 1893268?
46
What is the remainder when 17019229 is divided by 12?
1
What is the remainder when 62207005 is divided by 45?
40
Calculate the remainder when 64624 is divided by 8030.
384
Calculate the remainder when 186145 is divided by 61970.
235
What is the remainder when 3342285 is divided by 2137?
17
Calculate the remainder when 464666 is divided by 1324.
1266
What is the remainder when 1209401 is divided by 7207?
5832
What is the remainder when 415893 is divided by 12498?
3459
Calculate the remainder when 1608113 is divided by 18.
11
What is the remainder when 4749721 is divided by 61680?
361
Calculate the remainder when 39939941 is divided by 13313310.
11
Calculate the remainder when 15810112 is divided by 60.
52
Calculate the remainder when 7976636 is divided by 27.
26
Calculate the remainder when 1386800 is divided by 3286.
108
What is the remainder when 690978 is divided by 643?
396
What is the remainder when 574870 is divided by 100?
70
What is the remainder when 5572211 is divided by 848?
3
What is the remainder when 982075 is divided by 892?
875
What is the remainder when 203898 is divided by 50828?
586
Calculate the remainder when 12301512 is divided by 103374.
6
Calculate the remainder when 8276252 is divided by 372.
368
Calculate the remainder when 40837642 is divided by 556.
554
Calculate the remainder when 3175221 is divided by 3223.
566
Calculate the remainder when 25546 is divided by 1204.
262
Calculate the remainder when 228539499 is divided by 8350.
8349
What is the remainder when 1937657 is divided by 340?
337
Calculate the remainder when 37347835 is divided by 128.
123
Calculate the remainder when 117396 is divided by 175.
146
What is the remainder when 972108 is divided by 121512?
12
What is the remainder when 6381265 is divided by 17775?
40
What is the remainder when 16464839 is divided by 29?
2
Calculate the remainder when 23094574 is divided by 47.
43
Calculate the remainder when 11337 is divided by 809.
11
What is the remainder when 22407101 is divided by 4397?
4386
Calculate the remainder when 135666083 is divided by 95.
3
What is the remainder when 556095 is divided by 13?
7
Calculate the remainder when 14376257 is divided by 466.
157
Calculate the remainder when 3655169 is divided by 580.
9
What is the remainder when 6301331 is divided by 2100418?
77
What is the remainder when 2779879 is divided by 222?
217
Calculate the remainder when 1972829 is divided by 1166.
1123
Calculate the remainder when 87919 is divided by 87868.
51
What is the remainder when 1641474 is divided by 1786?
140
What is the remainder when 459894 is divided by 91927?
259
What is the remainder when 235623 is divided by 32157?
10524
Calculate the remainder when 1241614 is divided by 13.
10
What is the remainder when 3428599 is divided by 124?
123
Calculate the remainder when 93974 is divided by 822.
266
Calculate the remainder when 2032209 is divided by 149.
147
Calculate the remainder when 6833044 is divided by 452.
160
Calculate the remainder when 220783 is divided by 300.
283
Calculate the remainder when 17933429 is divided by 1992603.
2
Calculate the remainder when 21718791 is divided by 68.
67
Calculate the remainder when 49879513 is divided by 3885.
3883
Calculate the remainder when 86934696 is divided by 2935.
2931
Calculate the remainder when 2705253 is divided by 40.
13
Calculate the remainder when 33076615 is divided by 382.
381
Calculate the remainder when 19325171 is divided by 862.
855
Calculate the remainder when 825478 is divided by 137552.
166
What is the remainder when 4235962 is divided by 1962?
4
Calculate the remainder when 441965882 is divided by 3136.
3130
Calculate the remainder when 2807928 is divided by 169.
162
What is the remainder when 147284 is divided by 24?
20
Calculate the remainder when 221047 is divided by 6306.
337
What is the remainder when 15736 is divided by 3931?
12
What is the remainder when 262535 is divided by 130448?
1639
Calculate the remainder when 622612 is divided by 311291.
30
What is the remainder when 5244450 is divided by 93?
87
Calculate the remainder when 1643136 is divided by 19105.
106
Calculate the remainder when 7229 is divided by 660.
629
Calculate the remainder when 17180 is divided by 4194.
404
What is the remainder when 4431102 is divided by 944?
910
What is the remainder when 88556 is divided by 4638?
434
What is the remainder when 23505 is divided by 22714?
791
What is the remainder when 865084 is divided by 317?
308
Calculate the remainder when 655977 is divided by 163983.
45
What is the remainder when 9381 is divided by 408?
405
Calculate the remainder when 5896760 is divided by 504.
464
What is the remainder when 51865598 is divided by 221?
213
What is the remainder when 6003881 is divided by 3001900?
81
Calculate the remainder when 269378 is divided by 129.
26
What is the remainder when 1245478 is divided by 29?
15
Calculate the remainder when 284097 is divided by 282975.
1122
Calculate the remainder when 4875460 is divided by 9.
7
Calculate the remainder when 4936532 is divided by 250.
32
Calculate the remainder when 57240891 is divided by 64.
59
Calculate the remainder when 2395738 is divided by 2174.
2164
Calculate the remainder when 153262025 is divided by 56.
49
What is the remainder when 2264230 is divided by 8?
6
What is the remainder when 2424591 is divided by 121?
114
What is the remainder when 8048982 is divided by 894292?
354
Calculate the remainder when 18379114 is divided by 23.
21
What is the remainder when 568145 is divided by 141866?
681
What is the remainder when 62654 is divided by 1378?
644
What is the remainder when 36750 is divided by 1734?
336
What is the remainder when 56787 is divided by 52444?
4343
Calculate the remainder when 550038312 is divided by 14.
12
What is the remainder when 1164924 is divided by 16177?
180
Calculate the remainder when 38888 is divided by 2293.
2200
What is the remainder when 6955235 is divided by 83798?
1
Calculate the remainder when 5787055 is divided by 473.
373
What is the remainder when 562837 is divided by 281411?
15
What is the remainder when 67741739 is divided by 2?
1
What is the remainder when 158646 is divided by 26264?
1062
Calculate the remainder when 3122580 is divided by 4197.
12
Calculate the remainder when 1180735 is divided by 272.
255
What is the remainder when 47301971 is divided by 739093?
19
What is the remainder when 67216 is divided by 693?
688
What is the remainder when 6141970 is divided by 2068?
10
Calculate the remainder when 61842879 is divided by 179.
169
What is the remainder when 15678 is divided by 3665?
1018
What is the remainder when 366678